multiple of 11?
True
Is 47993069 a multiple of 929?
True
Does 1957 divide 15874750?
False
Does 629 divide 1527947412?
False
Is 90 a factor of 1244356?
False
Does 1651 divide 184168242?
False
Is 70 a factor of 3240790?
True
Is 30339672 a multiple of 22?
True
Is 254210236 a multiple of 7?
True
Does 7 divide 41843078?
False
Is 3 a factor of 23344281?
True
Is 182 a factor of 1382701925?
False
Is 115 a factor of 23202285?
True
Does 190 divide 1666554410?
True
Is 1656 a factor of 68344776?
True
Is 15 a factor of 22862080?
False
Is 409338286 a multiple of 7?
True
Is 11 a factor of 29671554?
True
Is 34 a factor of 15259959?
False
Is 4 a factor of 253088606?
False
Is 79 a factor of 141933487?
False
Does 382 divide 465390595?
False
Is 1158865492 a multiple of 118?
True
Does 1571 divide 1105557848?
False
Is 97 a factor of 1221368419?
True
Is 88732728 a multiple of 343?
True
Does 7 divide 43872354?
False
Does 14 divide 158603270?
True
Does 4214 divide 102408628?
True
Is 106 a factor of 1505193746?
True
Is 61798480 a multiple of 2?
True
Is 1398 a factor of 26862570?
True
Is 165 a factor of 3132532801?
False
Is 164 a factor of 38683664?
True
Is 3460 a factor of 145161573?
False
Is 55665818 a multiple of 21?
False
Is 51 a factor of 126159949?
False
Does 90 divide 17634690?
True
Is 6022098558 a multiple of 8271?
True
Is 16323578 a multiple of 682?
False
Is 97 a factor of 89678934?
False
Is 594302 a multiple of 73?
False
Is 950935796 a multiple of 44?
False
Does 28 divide 943767583?
False
Does 10 divide 604900?
True
Does 12 divide 1036664664?
True
Is 69547885 a multiple of 11?
True
Does 24 divide 62085288?
True
Is 11897797 a multiple of 1238?
False
Is 1492 a factor of 32813556?
True
Does 13 divide 218907624?
True
Is 34286784 a multiple of 3156?
True
Is 60355620 a multiple of 275?
False
Is 820327336 a multiple of 2344?
True
Is 938 a factor of 1513825351?
False
Does 26 divide 13427596?
True
Is 26966142 a multiple of 14?
True
Does 265 divide 18299568?
False
Is 8600 a factor of 3329421200?
True
Is 9 a factor of 225419040?
True
Is 70 a factor of 108642294?
False
Does 10 divide 1339690?
True
Is 2 a factor of 48776224?
True
Does 25 divide 3709650?
True
Is 173 a factor of 489231371?
True
Is 2403 a factor of 77962932?
True
Is 463358860 a multiple of 3127?
True
Does 93 divide 1288597872?
False
Is 74 a factor of 1037085876?
True
Is 53472348 a multiple of 1308?
True
Is 15197526 a multiple of 1990?
False
Is 1917931015 a multiple of 1265?
True
Is 1452418 a multiple of 11?
True
Does 1333 divide 154849728?
False
Is 1841933610 a multiple of 902?
True
Does 345 divide 66922723?
False
Is 8 a factor of 653507363?
False
Is 59 a factor of 4670499?
True
Is 756238965 a multiple of 17?
True
Does 463 divide 49855377?
True
Is 15031856 a multiple of 13?
False
Does 73 divide 128555019?
False
Is 99363513 a multiple of 5?
False
Is 1972756624 a multiple of 27?
False
Is 43472839 a multiple of 463?
False
Is 74134625 a multiple of 311?
True
Does 326 divide 69474104?
False
Does 24 divide 26634421?
False
Is 679 a factor of 1686381375?
True
Is 26 a factor of 46505966?
True
Is 112874106 a multiple of 2022?
True
Does 20 divide 1599157660?
True
Is 9 a factor of 48773974?
False
Does 153 divide 6071293570?
False
Is 6 a factor of 2754012?
True
Is 209 a factor of 1698414609?
False
Is 118 a factor of 870716100?
True
Does 87 divide 8320507?
False
Is 205021410 a multiple of 4?
False
Does 1486 divide 4955472?
False
Is 569 a factor of 2043829094?
False
Is 60898026 a multiple of 6?
True
Is 670996031 a multiple of 19?
False
Does 94 divide 2486939?
False
Is 114 a factor of 311609766?
True
Does 11 divide 1015360956?
False
Does 12 divide 2640090324?
True
Is 65 a factor of 398162300?
False
Does 57 divide 203069461?
False
Is 163985808 a multiple of 1511?
True
Is 1101829366 a multiple of 1034?
True
Is 86 a factor of 174781763?
False
Does 182 divide 61245677?
False
Does 4218 divide 632161949?
False
Does 46 divide 177668560?
True
Is 1091957868 a multiple of 834?
True
Is 1697501816 a multiple of 136?
True
Is 42278838 a multiple of 6?
True
Does 270 divide 69683760?
True
Does 42 divide 2239202?
False
Does 365 divide 1456709075?
False
Is 3651 a factor of 88181917?
False
Does 1415 divide 149585310?
True
Is 39 a factor of 34219440?
False
Is 865 a factor of 130917750?
True
Is 291361657 a multiple of 12?
False
Is 250177525 a multiple of 425?
True
Is 156 a factor of 259826457?
False
Is 16894380 a multiple of 20?
True
Is 298 a factor of 7080677?
False
Does 396 divide 46760868?
True
Does 1001 divide 23232560?
False
Does 2948 divide 536444377?
False
Is 11205072 a multiple of 24?
True
Is 8 a factor of 94465784?
True
Does 499 divide 29340372?
False
Does 6 divide 204264746?
False
Does 12 divide 55153752?
True
Does 18 divide 4754466?
True
Is 3530 a factor of 707215768?
False
Does 29 divide 805158795?
False
Is 56 a factor of 768150782?
False
Does 11 divide 66070285?
False
Is 101854317 a multiple of 838?
False
Does 55 divide 73169690?
True
Is 9 a factor of 116103759?
False
Is 691727638 a multiple of 16?
False
Is 3269 a factor of 123384482?
False
Does 34 divide 458080436?
True
Is 87856825 a multiple of 35?
True
Does 570 divide 29812710?
True
Does 1255 divide 9971645?
False
Is 2224 a factor of 44009716?
False
Is 3 a factor of 84305196?
True
Is 51467183 a multiple of 2060?
False
Is 5 a factor of 12731910?
True
Is 62285453 a multiple of 55?
False
Is 30049106 a multiple of 9?
False
Is 133094945 a multiple of 1474?
False
Does 1209 divide 1237054345?
False
Is 27 a factor of 1344211269?
False
Is 1000211374 a multiple of 16?
False
Does 5 divide 32631025?
True
Is 447033719 a multiple of 141?
False
Is 74 a factor of 581458700?
True
Is 915 a factor of 17226705?
True
Is 1600 a factor of 101390145?
False
Is 235411242 a multiple of 6?
True
Does 111 divide 55148130?
True
Is 52715956 a multiple of 61?
True
Does 249 divide 288592494?
True
Is 28 a factor of 141973797?
False
Is 123328240 a multiple of 2680?
True
Is 8605698 even?
True
Is 830 a factor of 181246270?
True
Does 86 divide 31768486?
True
Does 206 divide 18974042?
True
Does 606 divide 696561106?
False
Does 159 divide 2089056655?
False
Does 3 divide 462999499?
False
Does 28 divide 431040708?
True
Does 281 divide 137746139?
False
Is 12 a factor of 141137833?
False
Is 5924 a factor of 3812327686?
False
Is 96 a factor of 57438435?
False
Is 322468460 a multiple of 4?
True
Does 66 divide 133674156?
True
Is 112302240 a multiple of 258?
True
Is 10 a factor of 3522108?
False
Is 570 a factor of 100410630?
True
Is 2044888172 a multiple of 79?
False
Does 17 divide 3492323379?
True
Does 268 divide 760123844?
True
Is 99 a factor of 719934352?
False
Is 284 a factor of 352275216?
False
Does 424 divide 575505376?
True
Is 994406112 a multiple of 54?
True
Is 134 a factor of 159948698?
True
Is 1071 a factor of 547462360?
False
Is 65143128 a multiple of 39?
False
Is 414 a factor of 173511126?
True
Is 522 a factor of 14834619?
False
Is 104563608 a multiple of 89?
True
Does 188 divide 79585946?
False
Is 15 a factor of 51769270?
False
Does 19 divide 12081306?
False
Does 19 divide 253151440?
True
Is 16 a factor of 114255490?
False
Is 79 a factor of 483239862?
False
Does 1049 divide 1998562065?
False
Does 50 divide 30278600?
True
Is 3079417872 a multiple of 12479?
True
Does 14 divide 42783025?
False
Does 45 divide 1559141370?
True
Does 21 divide 320127761?
False
Is 25 a factor of 116234847?
False
Is 59 a factor of 1230551849?
True
Does 14 divide 16295874?
True
Is 12 a factor of 399804468?
True
Is 1341823344 a multiple of 248?
True
Does 192 divide 253298461?
False
Does 5558 divide 2538290177?
False
Does 141 divide 117805500?
True
Is 175 a factor of 1160250171?
False
Is 50 a factor of 3967896377?
False
Is 747 a factor of 25874804?
False
Is 247903308 a multiple of 27?
True
Does 1751 divide 8807366?
False
Does 1855 divide 308859762?
False
Is 18377620 a multiple of 970?
True
Does 127 divide 18894044?
True
Is 496 a factor of 8081682?
False
Is 3218610103 a multiple of 934?
False
Is 268 a factor of 1091872284?
False
Is 155598532 a multiple of 4?
True
Does 22 divide 162093?
False
Is 612787680 a multiple of 108?
True
Does 60 divide 2404156200?
True
Is 163313589 a multiple of 868?
False
Is 16 a factor of 3644096?
True
Is 37680066